h + 9*h. What is the units digit of h?
8
Suppose -265*a + 261*a = -1544. What is the hundreds digit of a?
3
Let c be 3*8/(-36) - (-1114)/6. Let q = c - 86. What is the units digit of q?
9
Let y = 8 + -12. What is the units digit of 1 - (y + 0 + -1)?
6
Let g = 16 + -12. Let d(k) = -k**2 + 8*k - 4. Let a be d(g). What is the tens digit of (-3)/a + (-98)/(-8)?
1
Let z(k) = -2*k**2 - 10*k - 1. Let d be z(-10). Let h = 69 - d. What is the tens digit of h?
7
Let g be (4046 - -7)*(-1 - 0). What is the units digit of g/(-49) - 2/(-7)?
3
Let d be (-15)/4 - (-1)/(-4). Let n(h) = -h**2 - 5*h - 4. Let f be n(d). Let w(q) = q**2 - q + 29. What is the tens digit of w(f)?
2
Let b(c) = 5*c**2 + 7*c + 248. What is the hundreds digit of b(17)?
8
Suppose -4*n = r - 458, 4 - 1 = -n. What is the units digit of r?
0
Suppose -i - 16 = -5*c, i - 2*c = -3*i + 8. Suppose -t + i*t - 51 = 0. What is the tens digit of t?
1
Let u be 3/(-2)*-2 + 5. Suppose u*h + 268 = 12*h. What is the units digit of h?
7
Let u(d) = 718*d**2 + d + 1. What is the hundreds digit of u(1)?
7
Let l(x) = -x + 47. Let b(o) = o - 1 + 2 - 3 - 2*o. Let u be b(-2). What is the tens digit of l(u)?
4
Let l(i) = -i**3 + 21*i**2 + 24*i - 35. What is the hundreds digit of l(20)?
8
Let g be -69*170/6*(-16)/40. Suppose -3*q + j = -8*q + g, 0 = 2*q + 3*j - 305. What is the units digit of q?
7
Let h(r) be the third derivative of -r**6/120 - 7*r**5/60 - 3*r**4/8 + r**3/6 + 3*r**2. Let f be h(-5). Let s = f - -34. What is the units digit of s?
0
Let t(f) = -f**3 + 7*f**2 + 14*f - 15. Let h = 14 + -7. Let b be t(h). Suppose -3*p - v + 185 = 0, v + 4*v + b = p. What is the tens digit of p?
6
Let k be 3/(-5) + 73/5. Suppose 3*p = -t - p + k, 2*t - 22 = -5*p. Let b = t - -39. What is the tens digit of b?
4
Let k(p) = -6*p**3 - 11*p**2 - 4*p + 3. Let f be -2 + 4/(-6) - 6/18. What is the units digit of k(f)?
8
Let d(h) be the first derivative of -h**4/4 - 5*h**3/3 - 2*h**2 - 5*h - 10. What is the units digit of d(-5)?
5
Suppose 16*d = -15*d + 21855. What is the tens digit of d?
0
Suppose 2*i - 5*v - 10 = 0, -2 = 3*i - 2*v - 6. Suppose i = -54*m + 49*m + 380. What is the units digit of m?
6
Let g = 20 - 26. Let q be (-28)/g*9/2. Suppose -q + 15 = -3*a. What is the units digit of a?
2
Let k(f) = 2*f - 9. Let c(z) = 2*z**2 - 5*z - 8. Let i be c(8). Let b be i/(-12)*6/(-5). What is the units digit of k(b)?
7
Let d(q) = 21*q**2 - 8*q + 16. Let k(o) = -10*o**2 + 4*o - 8. Let i(l) = -4*d(l) - 9*k(l). What is the tens digit of i(4)?
8
Suppose -1738 = -5*d + 87. Suppose 0*c = 5*c - d. What is the units digit of c?
3
Let r(b) = b**2 + 5*b - 1. Let f be r(-5). Let x(v) = v**2 + v - 1. Let o be x(f). Let d(l) = 28*l**2 - 2*l. What is the units digit of d(o)?
0
What is the units digit of ((-117)/(-52))/(6/(-16)) + 424?
8
Suppose -4*l - 5*x + 681 = -2261, -2*x - 4 = 0. What is the units digit of l?
8
Let v = -3 - -30. Let h = v + -24. Suppose 3*p - 167 = -h*b + 37, 350 = 5*p + 3*b. What is the tens digit of p?
7
Let m(l) = 1167*l**2 - 4*l - 2. What is the thousands digit of m(-1)?
1
Let j(x) = x**3 + 27*x**2 - 11*x + 33. What is the tens digit of j(-27)?
3
Let y(l) be the third derivative of l**6/30 - l**4/12 - l**3/3 - 10*l**2. Let b be y(-2). What is the tens digit of (-144)/b*20/6?
1
Let c(g) = g**2 + 5*g + 10. What is the tens digit of c(9)?
3
Let g = 203 + -117. What is the tens digit of g?
8
Let j be ((-354)/10)/((-8)/120). Suppose -i + j = 2*i. What is the hundreds digit of i?
1
Let d be 9 + 0 - (0 - -3). Let i(b) = b**2 - 8*b - 2. Let r be i(8). Let n = d - r. What is the units digit of n?
8
Suppose q - v + 19 = 0, -7*q + v = -5*q + 40. Suppose -w - 2*x = 46, 2*x + 193 = -5*w - 37. Let j = q - w. What is the units digit of j?
5
Let d = 6 + -4. Suppose -k - 1 = o - 3, -o + d*k = -5. Suppose 3*i = -3, -b - o*i - 7 = -5*b. What is the units digit of b?
1
Let p(o) = 163*o**2 + 32*o - 130. What is the units digit of p(5)?
5
Let p(c) = -777*c + 39. What is the thousands digit of p(-3)?
2
Suppose 1105*c - 1120*c + 13905 = 0. What is the hundreds digit of c?
9
Suppose -3713 = -2*l - k, 0 = 3*k + 19 - 10. What is the units digit of l?
8
Suppose 0*h - d = 3*h - 6, -2*d = 5*h - 9. Suppose h*u = -35 + 125. What is the units digit of u?
0
Let n(o) = -o + 1. Let r be n(4). Let t be r/(-12) + 75/20. Suppose -t*m - z = 3*z - 208, -4*m + 5*z = -226. What is the tens digit of m?
5
Let j(i) = -3*i**3 + i**2 - 5*i + 1. Let m be j(2). Let o = m + 66. What is the units digit of o?
7
Suppose 6*u = 2*u - 3*i + 316, 4*u = -2*i + 312. Suppose 0*l + 369 = 5*r + 4*l, -r + u = 3*l. What is the units digit of r?
3
Let k(o) = 14*o + 62. Let x be k(24). Let h = -212 + x. What is the units digit of h?
6
Let z = 969 + -489. Let u = -304 + z. What is the hundreds digit of u?
1
Let j be -26*(2/(-4))/1. Suppose 3*p - 5*w = 46, 0 = -2*p + 5*w - 3*w + 36. Let g = p - j. What is the units digit of g?
9
Let t(p) = p**3 + 10*p**2 - 7*p + 23. What is the hundreds digit of t(-8)?
2
Suppose -2*k = -2*h - 1897 - 1523, -2*h = -k + 1708. What is the thousands digit of k?
1
Let b be (-40)/(-15)*315/4. Suppose -5*n = -b - 290. Suppose -t + n = 3*t. What is the tens digit of t?
2
Let l(n) = 5*n**2 - 24*n - 73. What is the hundreds digit of l(-13)?
0
Let w(p) = -7*p**2 - 18*p + 10. Let t be w(10). What is the units digit of -5*(t/(-25))/(-3)?
8
Suppose 0 = -4*x + 5*j + 1081 - 381, 0 = -5*x + j + 896. What is the tens digit of x?
8
What is the tens digit of 4/(-16) + 10394/8?
9
Let r(o) = 3*o**3 + 13*o**2 + 6*o - 13. Let u = 3 + -8. Let g(q) = -q**3 - 7*q**2 - 3*q + 7. Let w(f) = u*g(f) - 2*r(f). What is the tens digit of w(9)?
1
What is the hundreds digit of (-50908)/(-18) - (-40)/(-180)?
8
Let n(b) be the second derivative of b**4/12 - 5*b**3/6 - 7*b**2/2 - 3*b. What is the tens digit of n(-7)?
7
What is the tens digit of ((-739)/2)/(81/(-972))?
3
Suppose -3*t + 4 = -5. Suppose -2*f + x + x = -334, 0 = t*f - x - 505. What is the hundreds digit of f?
1
Let s = 6808 + -4443. What is the hundreds digit of s?
3
Let m(u) = -8*u - 4. Let k be m(-2). What is the units digit of ((-6)/(-4))/(k/512)?
4
Let d(b) = b**3 - 2*b**2 + 1. Let s(n) = -n**3 + 3*n**2 + n - 3. Let x be s(2). Suppose -2*v + 4*v = -4*p + 8, -2*v = -x*p + 20. What is the tens digit of d(p)?
3
Let u(z) = 54*z**2 + 14*z - 11. What is the thousands digit of u(-5)?
1
Let g = 128 + 413. Suppose 333 = 3*p + f, 0*f = -5*p + 3*f + g. What is the hundreds digit of p?
1
What is the hundreds digit of 9 - (-185)/(-20) - 4466/(-8)?
5
Suppose 4*d + 19 - 3 = 0. Let y be -8*(0 - d/(-8)). Suppose 0 = -v - y*k + 41, 3*v - k - 140 = -30. What is the tens digit of v?
3
Let g(o) = -9*o + 20. Let w(c) = -45*c + 99. Let j(h) = 24*g(h) - 5*w(h). What is the tens digit of j(11)?
8
Suppose -4*f - 4088 = -2*y, 9*y + f - 6167 = 6*y. What is the hundreds digit of y?
0
Suppose 69*b + 32731 = 89863. What is the units digit of b?
8
Suppose 3*j - 9 = 0, 0 = -0*m + 5*m - 3*j - 1571. What is the units digit of m?
6
Suppose 3*z + 12 = 5*z. Suppose y + u - 1 = 0, 3*y + u - z*u - 3 = 0. What is the tens digit of -28*2/(-2) + y?
2
Let a(n) = -n**3 + 10*n**2 - 8*n - 7. Let t be a(9). Suppose 0 = -l + t*l - 9. Suppose -8*m = -l*m + 24. What is the tens digit of m?
2
Suppose -p + 5 = 4. Suppose 0 = -k - 5*v - 50, p - 17 = 4*v. Let u = k - -53. What is the units digit of u?
3
Suppose 176 = 3*c - a, 5*c = -2*a - a + 298. Suppose -2*t = -3*h + 9 - c, 3*t + 2*h - 88 = 0. Let f = t - 16. What is the tens digit of f?
1
Suppose -3*c + 191 + 131 = 2*p, -444 = -4*c + p. What is the hundreds digit of c?
1
Let j(u) = -308*u + 48. What is the hundreds digit of j(-2)?
6
Suppose -4*o = 4*u - 1210 - 1650, 0 = -u + 5*o + 685. Suppose -u = -4*r - 198. What is the hundreds digit of r?
1
Let r = -17 + 5. Let t be 11 - 8/r*3. Suppose -2*p + 16 = 2*a, -p + 5*a = 3*p + t. What is the units digit of p?
3
Let y(j) = -j**3 - j**2 + j + 381. Let u be y(0). Suppose 3*x - 5*a = 363, -3*x = -6*x - a + u. What is the hundreds digit of x?
1
Let c(z) = 2*z + 3. Let o be c(3). Let a(u) = u**2 + 4 + 6 + o*u + 2. What is the units digit of a(-8)?
4
Let n(z) = 29*z + 308. Let u be n(-10). Let s(d) = d**2 - 3*d - 4. Let j be s(3). Let o = u + j. What is the tens digit of o?
1
Suppose -4